e s*a - 6 - 14 = 0. Calculate the greatest common factor of 2 and a.
2
Let n(d) = -d + 19. Let l be n(0). Let v be 8 + -5 + 6/(-2). Suppose -7*i + 4*i + 285 = v. Calculate the highest common factor of l and i.
19
Let c be (2 - 3)/(5/1020*-3). What is the highest common factor of c and 34?
34
Let c be (-9)/2 - 4/(-8). Let i be (-63)/c + (-1)/(-4). Suppose 4*r + 16 = 5*r. Calculate the highest common factor of r and i.
16
Suppose -2*q - 2 = -0. Let t be q/4 + 136/32. Calculate the greatest common factor of t and 2.
2
Let t = 2 - 0. Suppose 22 - 2 = t*g. Let a be -7 + 0 - 1425/(-25). What is the highest common divisor of a and g?
10
Suppose -2*h = -o - 69, -h + o = 5*o - 21. What is the highest common divisor of 11 and h?
11
Let q = -11 - -83. Suppose -5*p + 39 = 2*z, -6*z + 2*z = 4*p - 24. What is the highest common factor of q and p?
9
Suppose -15*i + 13*i = -114. What is the highest common factor of i and 19?
19
Let y be 2 + (-12)/4 + 33. Suppose 2*i + 3*i + y = 2*w, 0 = -3*i. Suppose 0 = 2*v - 10, 3*r = r + 3*v - 7. Calculate the greatest common factor of r and w.
4
Suppose -3*a - 177 = r - 4*r, 0 = 2*r - 3*a - 121. Suppose -3*k + r = -k. Let c be 49/(-35)*(-3 - 2). Calculate the greatest common divisor of c and k.
7
Let s(y) = -2*y**2 - 8*y. Let q be s(-7). Let r be (-162)/8 + (-3)/(-12). Let f = r - q. Calculate the greatest common factor of f and 44.
22
Let k(d) = d**2 - 2*d - 3. Let b be k(4). Suppose 0 = b*j - 29 - 36. Suppose 4*n = 16, 2*y + 5*n + 0*n - 124 = 0. What is the highest common divisor of j and y?
13
Suppose 4*d + 2*l - 86 = 0, 4*d + 6*l - 9*l = 71. Calculate the greatest common divisor of d and 20.
20
Let j = -22 - -20. Let g be (39/6)/((-1)/j). Calculate the highest common factor of 26 and g.
13
Let y(v) = 8*v - 12. Let c be y(3). Suppose 3*o = -o - 8, 2*n = 5*o + 34. What is the highest common divisor of n and c?
12
Suppose -4*w + 6 + 9 = -j, -3*j = 3*w. Suppose -20 = 4*m, -v + w*m = 4*m - 225. Suppose -3*q + v = -q. Calculate the highest common divisor of q and 23.
23
Let a = -7 + -1. Let g be 35/(-20)*a*1. What is the greatest common factor of 70 and g?
14
Suppose -4*v - 6 = -2*p - 3*v, 5*p = v + 21. Suppose 71 = q + 3*z, 2*q + p*z = 6*q - 335. Calculate the greatest common factor of 10 and q.
10
Let z = 8 + -6. Let y(t) = 54*t. Let s be y(z). Suppose 38 = 4*a + 2*x, a - 12 = x + 5. Calculate the highest common divisor of a and s.
12
Let p = 4 + 1. Suppose -2*u + 56 = 3*u - 3*l, -5*l + 20 = 3*u. Calculate the highest common factor of p and u.
5
Let x = 27 - -3. Let n(k) = 10*k - 20. Let l(z) = 2*z - 4. Let d(o) = -14*l(o) + 3*n(o). Let y be d(5). Calculate the highest common divisor of x and y.
6
Let g = -8 - -2. Let o = g - -10. What is the greatest common factor of 32 and o?
4
Suppose 4*b = -0*b. Suppose 0 = -q - b*q + 50. Let v(m) = 2*m**3 - 3*m**2 + 3*m. Let s be v(2). Calculate the highest common divisor of s and q.
10
Let k be -1 + 39 - (3 - 6). Suppose -4*m + 179 = -k. Calculate the greatest common factor of m and 11.
11
Suppose 123 = 5*d - 27. Let f be (-21)/(-1*3/4). Suppose -253 = -5*b - f. Calculate the highest common divisor of d and b.
15
Suppose 4*z - 131 = -19. Suppose -3*o - 7 = -k, 4*k - 2*o = 3*o + 28. What is the highest common factor of k and z?
7
Suppose -5*p - 6 = -1, b = -5*p - 7. Suppose n + 7 = -0*n. Let h = b - n. Calculate the greatest common factor of h and 10.
5
Let k be 219/9 + (-10)/(-15). Let b be (k - 1)/(-3)*-13. Calculate the greatest common divisor of 13 and b.
13
Suppose 2*k = 5*l - k - 315, -5*k = 0. Suppose 2*n + 3*w - l = 0, -2*w - 46 = -3*n + 81. Calculate the greatest common divisor of n and 13.
13
Let g(n) be the first derivative of n**4/4 + 2*n**3 - 2*n**2 - 7*n + 1. Let j be g(-6). Calculate the greatest common factor of 51 and j.
17
Let o(r) = r**3 - 5*r**2 + r - 4. Let g be o(5). Let l be 2 + g + 0 + 16. What is the greatest common divisor of l and 57?
19
Let q(u) = 3*u**2 + 5*u + 2. Let w be q(4). Let l(p) = p**3 + 4*p**2 - 7*p - 2. Let v be l(-5). Let z = v + 6. Calculate the highest common factor of w and z.
14
Let g(h) = 3*h**2 + 2*h - 3. Let n be g(1). What is the greatest common divisor of n and 18?
2
Let h be 6/(-27) + (-184)/(-18). Suppose 2*u + 2*u = 0. Let y be (u - (-10)/(-6))*-24. Calculate the highest common factor of h and y.
10
Suppose 0 = -5*z + 10. Let w be (z/3)/(5/270). Calculate the greatest common divisor of 9 and w.
9
Suppose 0 = 2*m + 3*m - 40. Let a = m - 5. Suppose a*s - 170 = -3*j + 8*s, 5*s = 5*j - 280. What is the greatest common factor of j and 22?
11
Suppose 4*d - 448 = -16. Calculate the highest common divisor of 12 and d.
12
Suppose 5*s - 19 = -i, -3*s - 4*i + 22 = -s. Let l(v) = v**2 - v + 2. Let o be l(s). What is the greatest common factor of 64 and o?
8
Let q(b) = 11*b**2 + b + 3. Let m be q(-3). Suppose 2*v + 34 = -x + 81, 0 = 4*v - 3*x - m. Calculate the greatest common factor of v and 192.
24
Suppose g - 3*g = -t + 16, -2*t = -5*g - 36. What is the highest common divisor of t and 20?
4
Let t(u) = -5*u - 1. Suppose 0 = -5*p + p - 2*i - 26, 5*p + 5*i + 35 = 0. Let q = 4 + p. Let r be t(q). What is the highest common factor of r and 9?
9
Let g(o) = -o**3 - o**2 - o - 7. Let w be g(0). Let p = -2 - w. Suppose -p*z + 2*z + 54 = 0. Calculate the greatest common factor of z and 9.
9
Let p(n) = n + 8. Let m be p(6). Let u be 17*m - -3 - -1. What is the highest common factor of 22 and u?
22
Let o(k) = -2*k - 4. Let c be o(-4). Let m be (1 + c)*(-1)/(-1). Let p be 8/(-12) + 732/18. Calculate the highest common factor of m and p.
5
Let i = 12 + -1. What is the greatest common factor of i and 121?
11
Let o = 13 - -62. Calculate the highest common divisor of 45 and o.
15
Suppose -3 - 13 = -z. Calculate the greatest common divisor of 256 and z.
16
Let h be 2/(-8) - (-4 - (-372)/(-16)). What is the highest common factor of h and 297?
27
Let c be (-6 + 5)*1*-7. Let i be (-19)/(-7) - 2/(-7). Let b(z) = 2*z**3 + 2*z**2 + 2*z - 1. Let j be b(i). What is the highest common factor of c and j?
7
Let p = 68 - 35. Let f be (-4)/(-18) + (-266)/(-18). Suppose -5*i + 40 + f = 0. What is the highest common factor of p and i?
11
Suppose 2*b - 1090 = -3*b - 4*p, 5*b = -p + 1105. Suppose -4*o = -77 - 71. Calculate the highest common factor of b and o.
37
Let k = 10 - 6. Let d = k + -18. Let w = 27 + d. What is the greatest common divisor of w and 117?
13
Let t = -9 - -14. Let x = t - -3. What is the greatest common divisor of x and 88?
8
Let q = -29 + 114. Let a = -86 - -125. Let g = a - 22. What is the greatest common factor of q and g?
17
Let b = 28 + -20. Let d(j) = j - 2. Let q be d(b). Let f be 93/q + (-1)/(-2). What is the highest common divisor of 16 and f?
16
Let x be (4 - 576/(-15)) + 3/5. Calculate the greatest common factor of 43 and x.
43
Suppose -3*v - 15 = -8*v. Suppose 30 = 5*p + 5*w, -p - 3*p + 3*w + v = 0. Suppose -o = -p*o + 2. Calculate the highest common factor of 1 and o.
1
Let q = 6 + 18. Let d(g) = 11*g**2 + 1. Suppose -3*a + 4*b = -0*b - 9, 3*b + 8 = a. Let p be d(a). What is the greatest common divisor of q and p?
12
Suppose -17*b = -15*b - 2. Let t be ((-8)/(-10))/(4/10). Suppose -3*m + b + 5 = 0, 0 = t*q + m - 100. What is the highest common divisor of 7 and q?
7
Let q(y) be the third derivative of 1/8*y**4 + 0*y + 1/6*y**3 + 0 - 2*y**2. Let j be q(2). What is the highest common factor of 14 and j?
7
Let u be 2 - (29 + 0 + 0). Let y = -19 - u. Suppose -2*g + 18 = 4*z, -3*z = -4*g - 7*z + 20. Calculate the highest common factor of y and g.
1
Let z(v) = -v**2 + 9*v - 6. Let w be z(8). Suppose w*x - 4 + 2 = 0. Let p = -11 + 15. Calculate the greatest common divisor of p and x.
1
Let m = -1 + 1. Suppose m = -4*d + g + 77, 5*g + 33 = 5*d - 52. Let h be 999/108 - (-6)/8. What is the highest common divisor of h and d?
10
Let d(v) = 2*v**3 - v**2 - 3*v + 10. Let l be d(4). Calculate the highest common divisor of l and 10.
10
Suppose 2*t + 5*l - 81 = 0, 2*t + 2*l + 5 = 95. Let o be (9/(-4))/(3/(-8)). Calculate the highest common divisor of o and t.
6
Let y be ((-1)/1 + 0)/(-1). Let o(c) = c**3 + 7*c**2 - 13*c - 29. Let s be o(-8). What is the highest common divisor of y and s?
1
Suppose -1489 - 62 = -r. Let f = -1083 + r. Suppose 3*z + f = 7*z.